
19
What is the remainder when 3169 is divided by 3158?
11
Calculate the remainder when 12357 is divided by 296.
221
What is the remainder when 140744 is divided by 23454?
20
What is the remainder when 44225 is divided by 57?
50
Calculate the remainder when 462230 is divided by 483.
482
Calculate the remainder when 1187729 is divided by 61.
59
Calculate the remainder when 4696 is divided by 77.
76
What is the remainder when 4195 is divided by 350?
345
Calculate the remainder when 160966 is divided by 46.
12
Calculate the remainder when 71161 is divided by 250.
161
Calculate the remainder when 6361 is divided by 33.
25
Calculate the remainder when 8754 is divided by 40.
34
What is the remainder when 1013785 is divided by 7?
3
What is the remainder when 176019 is divided by 176017?
2
What is the remainder when 518 is divided by 152?
62
Calculate the remainder when 33879 is divided by 121.
120
What is the remainder when 672 is divided by 468?
204
What is the remainder when 10336 is divided by 861?
4
What is the remainder when 33545 is divided by 263?
144
What is the remainder when 26598 is divided by 380?
378
What is the remainder when 92582 is divided by 523?
11
What is the remainder when 133 is divided by 32?
5
What is the remainder when 65613 is divided by 644?
569
Calculate the remainder when 13331 is divided by 783.
20
What is the remainder when 77116 is divided by 2856?
4
What is the remainder when 251420 is divided by 43?
42
What is the remainder when 180594 is divided by 42?
36
What is the remainder when 366397 is divided by 30?
7
Calculate the remainder when 962 is divided by 83.
49
Calculate the remainder when 2647 is divided by 790.
277
Calculate the remainder when 335527 is divided by 82.
65
Calculate the remainder when 5790 is divided by 1781.
447
What is the remainder when 7891 is divided by 3927?
37
What is the remainder when 30794 is divided by 30733?
61
Calculate the remainder when 1205153 is divided by 55.
48
Calculate the remainder when 49481 is divided by 24740.
1
Calculate the remainder when 6451 is divided by 14.
11
Calculate the remainder when 772 is divided by 144.
52
Calculate the remainder when 4936 is divided by 4755.
181
What is the remainder when 10362 is divided by 3334?
360
Calculate the remainder when 647 is divided by 13.
10
Calculate the remainder when 29409 is divided by 29401.
8
What is the remainder when 9100 is divided by 111?
109
What is the remainder when 354 is divided by 354?
0
What is the remainder when 1197 is divided by 305?
282
Calculate the remainder when 15208 is divided by 5066.
10
Calculate the remainder when 81827 is divided by 27273.
8
Calculate the remainder when 53294 is divided by 21.
17
What is the remainder when 236 is divided by 183?
53
Calculate the remainder when 1512 is divided by 1406.
106
Calculate the remainder when 1257 is divided by 148.
73
Calculate the remainder when 1507 is divided by 27.
22
Calculate the remainder when 33042 is divided by 8258.
10
What is the remainder when 410444 is divided by 102?
98
What is the remainder when 171008 is divided by 62?
12
Calculate the remainder when 2508 is divided by 1127.
254
Calculate the remainder when 165789 is divided by 18420.
9
Calculate the remainder when 39684 is divided by 211.
16
Calculate the remainder when 712 is divided by 505.
207
What is the remainder when 54715 is divided by 18?
13
What is the remainder when 5521 is divided by 1825?
46
Calculate the remainder when 56063 is divided by 15.
8
What is the remainder when 29978 is divided by 14980?
18
Calculate the remainder when 162473 is divided by 485.
483
What is the remainder when 1206 is divided by 338?
192
What is the remainder when 173575 is divided by 169?
12
Calculate the remainder when 271 is divided by 196.
75
What is the remainder when 61310 is divided by 20402?
104
What is the remainder when 955 is divided by 901?
54
What is the remainder when 7275 is divided by 3634?
7
What is the remainder when 16604 is divided by 158?
14
What is the remainder when 97964 is divided by 699?
104
Calculate the remainder when 481988 is divided by 785.
783
Calculate the remainder when 8474 is divided by 3.
2
What is the remainder when 2878947 is divided by 510?
507
What is the remainder when 96363 is divided by 96319?
44
Calculate the remainder when 123416 is divided by 61653.
110
Calculate the remainder when 43891 is divided by 21916.
59
Calculate the remainder when 17689 is divided by 79.
72
What is the remainder when 16859 is divided by 96?
59
Calculate the remainder when 142589 is divided by 149.
145
What is the remainder when 35596 is divided by 19?
9
What is the remainder when 24999 is divided by 12359?
281
Calculate the remainder when 10202 is divided by 2549.
6
What is the remainder when 6161 is divided by 364?
337
Calculate the remainder when 16358 is divided by 82.
40
Calculate the remainder when 856 is divided by 130.
76
What is the remainder when 106990 is divided by 369?
349
What is the remainder when 11726 is divided by 993?
803
Calculate the remainder when 133469 is divided by 10.
9
Calculate the remainder when 372891 is divided by 64.
27
What is the remainder when 1708 is divided by 897?
811
Calculate the remainder when 129946 is divided by 68.
66
Calculate the remainder when 9400 is divided by 76.
52
What is the remainder when 5304 is divided by 264?
24
Calculate the remainder when 1413 is divided by 422.
147
Calculate the remainder when 2041534 is divided by 686.
684
Calculate the remainder when 135118 is divided by 290.
268
Calculate the remainder when 3525 is divided by 7.
4
What is the remainder when 8359 is divided by 2772?
43
What is the remainder when 7879 is divided by 22?
3
What is the remainder when 10642 is divided by 68?
34
Calculate the remainder when 14558 is divided by 14419.
139
Calculate the remainder when 12305 is divided by 297.
128
What is the remainder when 2748 is divided by 728?
564
Calculate the remainder when 25101 is divided by 2510.
1
Calculate the remainder when 3255 is divided by 3129.
126
What is the remainder when 989602 is divided by 189?
187
Calculate the remainder when 1883 is divided by 926.
31
Calculate the remainder when 7935 is divided by 1973.
43
Calculate the remainder when 10975 is divided by 314.
299
What is the remainder when 9541 is divided by 12?
1
What is the remainder when 173744 is divided by 65?
64
What is the remainder when 2789 is divided by 144?
53
What is the remainder when 8425 is divided by 211?
196
Calculate the remainder when 8542 is divided by 919.
271
What is the remainder when 1836 is divided by 106?
34
Calculate the remainder when 20411 is divided by 8.
3
What is the remainder when 316686 is divided by 105559?
9
Calculate the remainder when 2036733 is divided by 12.
9
What is the remainder when 20578 is divided by 12?
10
What is the remainder when 418584 is divided by 7?
5
Calculate the remainder when 160977 is divided by 649.
25
Calculate the remainder when 46751 is divided by 109.
99
What is the remainder when 82768 is divided by 82745?
23
What is the remainder when 327751 is divided by 191?
186
Calculate the remainder when 3175 is divided by 4.
3
Calculate the remainder when 35413 is divided by 8850.
13
Calculate the remainder when 1607 is divided by 109.
81
What is the remainder when 14047 is divided by 14045?
2
Calculate the remainder when 259859 is divided by 5905.
39
What is the remainder when 23945 is divided by 23934?
11
Calculate the remainder when 63239 is divided by 249.
242
What is the remainder when 941 is divided by 622?
319
Calculate the remainder when 314219 is divided by 39.
35
What is the remainder when 7785 is divided by 484?
41
Calculate the remainder when 38535 is divided by 188.
183
What is the remainder when 66508 is divided by 16623?
16
Calculate the remainder when 4479 is divided by 87.
42
What is the remainder when 25607 is divided by 4728?
1967
Calculate the remainder when 507 is divided by 312.
195
What is the remainder when 3292 is divided by 27?
25
What is the remainder when 110877 is divided by 72?
69
Calculate the remainder when 260242 is divided by 73.
70
What is the remainder when 25680 is divided by 23?
12
Calculate the remainder when 535525 is divided by 46.
39
What is